ermine m(p).
-13
Suppose 6*w + 9 + 9 = 0. Let p(d) = 3*d - 4. What is p(w)?
-13
Let q(i) = -i**3 + 18*i**2 + 3*i - 55. Let w be q(18). Let g(h) = 2*h**2 - 1 + 0*h - 2*h - 12*h**3 - 3*h**2. Determine g(w).
12
Let x(w) = -2*w - 30 + 7*w + 14 + 19 - 8*w. Calculate x(4).
-9
Let o(z) = 0*z**2 - 2 + 2*z - 3*z**2 + z**2. Give o(-3).
-26
Suppose -h + 2*q = 2, -4*q = 4*h - 3*q - 19. Let b(o) = -7*o + 8*o - o**2 + 6*o - h. Determine b(6).
2
Let l(a) be the second derivative of -a**5/20 - a**4/4 - 53*a. Let v be (28/(-70))/((-2)/(-10)). Give l(v).
-4
Let t(f) = 8 - f**2 + 32*f + 33*f - 99*f + 29*f. Give t(-6).
2
Let f(j) = -9 - 6 + 3*j - 10 + 27. Give f(4).
14
Let v(f) be the first derivative of -f**4/4 - 5*f**3/3 - 3*f**2 - 4*f - 1. Suppose 5*g - 19 = 6. Suppose g*j = -5*h - 40, -4*j + 2 = -5*h - 2. Calculate v(j).
4
Let n(h) be the third derivative of 0*h + 0*h**3 + 9*h**2 - 1/24*h**4 + 0. Calculate n(1).
-1
Let q(t) be the second derivative of -5*t**3/6 + 18*t**2 + 4*t + 41. Calculate q(10).
-14
Let p(x) = -7 + 0 + 115*x - 13 - 116*x. Determine p(-12).
-8
Let g(w) = -14 + 15*w**2 + 4 - 17*w - 13*w**2. Determine g(9).
-1
Let f = -5 - -3. Let n be (2/(-4))/(f/4). Let u(q) = 14*q - 42. Let t(o) = -7*o + 18. Let b(y) = 7*t(y) + 3*u(y). Give b(n).
-7
Suppose -4*c - 48 = -2*v - 2*c, 0 = -v - c + 14. Let m = v + -13. Let w(z) = -11*z**3 - m*z**2 - 8*z + 2*z + 10*z**3 - z**2 + 5. Calculate w(-6).
5
Let o(t) = -1 - 103*t**2 + 3 + 3*t + 102*t**2 + 5*t**3 - 4. Calculate o(1).
5
Let p(n) = 2*n**2 + n - 3. Let u(m) = 14*m - 35*m + 1 + 20*m. Let l(x) = -x + 5. Let b be l(0). Let r(d) = b*u(d) + p(d). What is r(2)?
2
Let y(b) = b**2 + b + 2. Let g(d) be the second derivative of -d**4/4 - d**3/2 - 5*d**2/2 + 49*d. Let n(s) = -6*g(s) - 17*y(s). What is n(-3)?
2
Let r = -44 - -46. Let y(w) = -39*w + 2 + 39*w - w**r - 3. Give y(1).
-2
Let w(y) be the second derivative of y**3/6 + y. Suppose -3*l - 35 = 2*d, -l - 5*d - 10 - 32 = 0. Give w(l).
-7
Let o(k) = -k**3 + 5*k**2 + k + 1. Let p(h) be the first derivative of -h**4/4 + 2*h**3 + h**2/2 - 33. Let v(t) = 4*o(t) - 3*p(t). Give v(3).
-2
Let b(p) be the second derivative of p**5/20 + p**4/2 - p**3/6 - p**2/2 + 25*p + 2. Suppose -2 = -2*d - 14. Calculate b(d).
5
Let m(c) = -22*c + 6*c + 11*c. Calculate m(-2).
10
Suppose 14*j - 9*j - 870 = 0. Let r = -167 + j. Let a(d) = d**3 - 6*d**2 - 7*d + 10. Calculate a(r).
10
Let q(o) = 7*o**3 + 2*o - 1. Suppose -5*p - 65 + 15 = 0. Let j(a) = -a**3 + 14*a**2 - 11*a - 15. Let t be j(13). Let x = t + p. Give q(x).
8
Let l = 21 - 15. Suppose -3*c + 4*f - 1 = 0, -5*c - 6*f + 8 = -3*f. Let s(b) = -l*b - 8*b + 11*b - c. What is s(-2)?
5
Let n(c) be the second derivative of c**3/2 - 23*c**2/2 - 2*c + 154. Give n(5).
-8
Let j(f) be the first derivative of 4 - 2*f**3 - 1/24*f**4 + 0*f**2 + 0*f - 1/60*f**5. Let y(n) be the third derivative of j(n). Calculate y(2).
-5
Suppose 3*x - h = 12, -7*x + 3*x + 5*h = -5. Let i(s) = -4 + s**2 - 4*s + 10 - 3. Give i(x).
8
Suppose 30 = -5*c - 0. Let s(v) = -2*v**3 + v - 1. Let h(b) = 11*b**3 - 7*b**2 - 11*b + 13. Let g(x) = -h(x) - 6*s(x). What is g(c)?
-1
Let q(n) be the first derivative of n**2/2 + 5*n - 56. Suppose 0 = 5*b + 7*p - 3*p - 30, 3*p - 6 = -b. Let h = b - 6. Determine q(h).
5
Suppose 0 = -2*y - 2*g - 33 + 9, 36 = -5*y + g. Let b(w) = w**3 + 8*w**2 + 4*w + 9. Give b(y).
-23
Let u(r) = 4 - 253*r**3 + 10*r + 10*r**2 + 254*r**3 - 2. What is u(-9)?
-7
Let q(a) be the first derivative of -a**3/3 + a**2 - 3*a + 8. Let i(y) be the first derivative of q(y). Suppose 25 = -10*r + 5*r. Calculate i(r).
12
Suppose -s - 14 = 2*d, -3*d - 2*s - 3*s = 35. Let k(o) be the first derivative of 32 + 5/2*o**2 - 2*o + 1/3*o**3. Calculate k(d).
-2
Let t(d) = -4816*d**2 + 2*d - 2 + 0*d + 9627*d**2 - 4813*d**2. Determine t(-5).
-62
Let g(v) = -v**3 - v**2 + 2*v + 3. Suppose 0 = -3*k - 0*n + 3*n + 3, k + 5 = -n. Let p be g(k). Let b(i) = 2*i**2 + 3 - p - i**2 - 4*i - 1. Determine b(3).
-4
Let r(f) = -12*f - 44. Suppose 0 = -3*s + 5*h - 12, 2*h - 6 = -s - 10. What is r(s)?
4
Let c(j) = 2*j**2 + 4*j. Let a(y) = 4*y. Let i(s) = -s**2 + 7*s. Let h(b) = 9*a(b) - 4*i(b). Let f(z) = -5*c(z) + 2*h(z). Give f(-3).
-6
Let p(t) = t**2 - 3*t + 3. Let y(v) = -3*v**2 + 2*v - 9 + 2*v**2 + 6*v. Let u be y(5). Suppose 4*f + 3*a - 27 = -6, -f + 3*a - u = 0. What is p(f)?
3
Let o(l) = -3*l**3 + 12*l**2 - 19*l + 1. Let s(t) = -5*t**3 + 18*t**2 - 29*t + 2. Let y(g) = 8*o(g) - 5*s(g). Let v = 141 + -148. Calculate y(v).
-2
Let h(n) = -23*n - 28*n - 21*n + 78*n + 1. Determine h(-1).
-5
Suppose 0 = -11*b - 0*b + 44. Let g(w) be the third derivative of 0*w**3 + 0*w - 1/24*w**b - 1/60*w**5 + 9*w**2 + 0. Give g(-2).
-2
Let h(z) be the first derivative of -z**2/2 - 8*z + 117. Give h(-14).
6
Suppose -9*c + 183 = 48. Suppose 9*b = 12*b - c. Let x(p) = 4*p - 6. Calculate x(b).
14
Let m(i) = -4*i**3 - i**2 - i - 1. Let d(u) = -15*u**3 - 17*u**2 + 7*u + 3. Let n(h) = d(h) - 4*m(h). Give n(12).
-5
Let s(a) = -a + 12. Suppose 2*b - 3 = b. Let p(d) be the second derivative of d**2/2 + 12*d + 5. Let x(t) = b*p(t) - s(t). Give x(5).
-4
Let m(f) = -3*f + 8. Let a be -14*((-8)/21)/(4/6). Calculate m(a).
-16
Suppose 7*m = 2*m + 10. Suppose m*i = 17 - 33. Let r(o) = o**2 + 10*o + 1. What is r(i)?
-15
Let n(s) = 6*s - 2. Let d(p) = -15*p + 7. Let j(z) = 3*d(z) + 8*n(z). Determine j(0).
5
Suppose 0 = -148*z + 147*z. Let b(v) be the third derivative of 0*v + z - 7*v**2 + 4/3*v**3 + 1/24*v**4. Give b(-6).
2
Let x(f) be the third derivative of 1/60*f**5 + 4/3*f**3 + 0*f - 1/2*f**4 - 13*f**2 + 0. Determine x(7).
-27
Let l(r) = 6*r**3 - 2*r**2 - r. Suppose 3 - 28 = -5*m. Suppose m*h - 6 = -11. Let t(p) = -p**2 + 2*p + 2. Let o be t(h). What is l(o)?
-7
Let f = 136 + -132. Let q(n) be the first derivative of -n**4/12 + n**3/2 - 3*n**2/2 - 2*n + 1. Let y(h) be the first derivative of q(h). What is y(f)?
-7
Let f(c) be the second derivative of -3*c**8/2240 - c**7/1260 + c**6/360 - c**5/120 - 14*c**4/3 + 6*c - 1. Let b(l) be the third derivative of f(l). Give b(1).
-10
Suppose 3*f - 12 = 5*o, 0 = -5*f - 9*o + 7*o - 11. Let v be (-2 - 16/(-6))*-3. Let m be (3 - v/(-1))*f. Let d(y) = 15*y**2 + y. Calculate d(m).
14
Let b(y) = -y**3 - 6*y**2 + 6*y - 8. Suppose 29 = 5*c - n, 0*c - 2*c = -5*n - 7. Suppose -43 = -2*v + c*v + 3*h, -h = -4*v - 23. Calculate b(v).
-1
Let y be 1 + -5 + -4 + 12. Suppose -6 = -2*s - s. Let f(z) = -5 + 1 - 3*z**s + 2*z**2 + z**3 - 3*z**2. What is f(y)?
-4
Let r(s) be the first derivative of s**5/30 + s**4/3 + s**3 - s**2/2 + 10. Let i(v) be the second derivative of r(v). Calculate i(-5).
16
Let a = -45 - -45. Suppose a = k - 6 - 0. Let n(j) = j**2 - 6*j. What is n(k)?
0
Let f(b) = -b + 5. Let p be f(5). Let z(r) be the second derivative of r**5/20 - r**4/12 - r**3/6 + 25*r**2/2 - 2190*r. Give z(p).
25
Let g(b) = -2*b + 8*b + 3*b**2 + 6 - b**3 - 7*b**2. Suppose o - 8 = 8. Let x = -21 + o. Determine g(x).
1
Let y(d) be the first derivative of -d**4/4 - 5*d**3/3 - d**2/2 + 3*d - 192. Calculate y(-5).
8
Let f(b) = b + 1. Let i be ((-6)/5)/(2/(-10)). Suppose -5*v = 5*n + 5, -10*v = -7*v + 2*n - 1. Suppose -y - 5*s = i, -y = 2*y - v*s. Calculate f(y).
0
Let f(k) = -133*k + 14. Let v(g) = 47*g - 5. Let b(h) = 6*f(h) + 17*v(h). What is b(-8)?
-9
Let u(x) = -x + 8. Let o(b) = -b**2 + 6*b - 4. Let q be o(3). Suppose d = -0*d + q. Calculate u(d).
3
Let g = 483 + -3863/8. Let i(c) be the third derivative of 1/120*c**6 - 9*c**2 + 1/30*c**5 + 0*c + g*c**4 + 1/2*c**3 + 0. Calculate i(-2).
-3
Let x(y) = 5*y + 3. Let u be 1/(0 - (8/(-12))/(-2)). Give x(u).
-12
Suppose 4*l = 12 + 24. Let w(d) = -3*d**2 - 4*d - 6. Let i(y) = -2*y**2 - 5*y - 7. Let a(s) = 4*i(s) - 3*w(s). Determine a(l).
-1
Let l be ((-4)/4)/(2/8). Let c be 0 + 2 - 1*l. Let g(h) = 22*h + h**2 - 12*h - 10*h - 8 - 6*h. Calculate g(c).
-8
Let z(b) = -4*b**2 - 3*b + 2. Let g(f) = -15*f + 512. Let s be g(34). Calculate z(s).
-20
Suppose 21 = -0*g - 3*g. Let q(f) be the third derivative of f**5/60 + f**4/4 - 4*f**3/3 + 19*f**2 - 2. Calculate q(g).
-1
Let r be (24/42)/(-2 + 32/14). Let d(s) = -s**3 + 4*s**2 + 2*s - 1. Determine d(r).
11
Let u(a) = -a**3 + 6*a**2 - 3. Let c be (-5 - -4)/(6/(-36)). Determine u(c).
-3
Let r(p) be the third derivative of 1/60*